= a - s*a. Calculate the remainder when 31 is divided by a.
7
Suppose -6*h + 4*h + 50 = 4*o, 5*h = -3*o + 146. Calculate the remainder when 115 is divided by h.
22
Suppose -16 + 964 = 4*c. What is the remainder when c is divided by 16?
13
Suppose 6*d + 19 = h + d, 6 = -2*d. Suppose -33 - 39 = -9*x. Calculate the remainder when x is divided by h.
0
Suppose 3*l = -3*w + 276, 2*l - 14*w = -10*w + 196. What is the remainder when 329 is divided by l?
47
Suppose 2*m + 186 = 5*h - 2*m, h = 5*m + 54. What is the remainder when h is divided by 160/(-24)*(4/(-5) + -1)?
10
Suppose -4*x + 82 = 2*u, 0 = -4*u + 3*x + 162 + 24. Suppose -u = -2*y + y. Calculate the remainder when y is divided by 8.
5
Suppose 0 = -2*r - 0*r + 120. Suppose 0 = u + 3*u - r. Suppose 0 = 5*z + u, k - 4*z - 174 = -2*k. What is the remainder when k is divided by 19?
16
Let o = 50 + -42. Suppose x + 24 = 3*l, -5*x + 0*l = 5*l + 140. What is the remainder when 1*-2 - x - 2 is divided by o?
7
Let v = -914 - -1057. What is the remainder when v is divided by 68?
7
Let j = -6 - -9. Let b(y) = -y**2 - 3*y - 3. Let o(q) = -2*q - 4. Let f(k) = -3*b(k) + 4*o(k). What is the remainder when 68 is divided by f(j)?
22
Let l = 88 - 34. Suppose 44 = 2*f - l. What is the remainder when f is divided by 2/6 + 77/3?
23
Let c(z) = 14*z**3 - 2*z - 3. What is the remainder when c(2) is divided by 27?
24
Let g = 481 + 165. What is the remainder when g is divided by 81?
79
Let f = 270 + -263. Let s be -2 + (-1 + 0 - 0). What is the remainder when f is divided by (9/6)/(s/(-8))?
3
Let q(x) = -x + 232. Calculate the remainder when q(-49) is divided by 59.
45
Let q(u) = -51*u**3 - u**2 - 6*u - 6. What is the remainder when 173 is divided by q(-1)?
23
Suppose 4*h - 39 = 1. What is the remainder when 56 is divided by h?
6
Let n(k) = k**3 - 4*k**2 + 4*k. What is the remainder when n(4) is divided by ((-18)/24)/(((-5)/(-8))/(-5))?
4
Suppose -496 = -17*c - 173. Calculate the remainder when c is divided by 19.
0
Let p(k) = -k - 11. Let x be p(-13). What is the remainder when 2/(1/39*3) + x is divided by 17?
11
Suppose -2 = -z - 2*s, -3*s - 4 = -2*s. Let h(w) = w**3 - 2*w**2 - 69*w - 15. Calculate the remainder when h(-7) is divided by z.
7
Suppose 0 = 21*s - 3289 - 848. Calculate the remainder when s is divided by 61.
14
Suppose 6 = -2*w + 2*n, 0 = -5*w - 2*n - 3 + 9. Suppose 5*q + 86 - 266 = w. Calculate the remainder when 142 is divided by q.
34
Suppose 5*t = -295 + 55. Let d = 68 + t. What is the remainder when d is divided by 8?
4
Let t be (72 - 2 - -4) + (-1)/1. Let v = t + -52. Calculate the remainder when v is divided by 14.
7
Suppose 0 = -27*g + 12*g + 2385. Calculate the remainder when g is divided by 16.
15
Let p = 11 - 1. Let z = 1114 - 1045. Calculate the remainder when z is divided by p.
9
Let d(v) = -15*v**3 + v**2. Suppose -11*z + 14*z - 15 = 0. Let j = 36 - z. What is the remainder when j is divided by d(-1)?
15
Suppose -494 = -40*b + 27*b. What is the remainder when 141 is divided by b?
27
Let n be (15/(-2))/5*(157 - 167). Let h(v) = -v**3 + 5*v**2 + v - 3. Let g be h(5). Suppose b = g + n. What is the remainder when 50 is divided by b?
16
What is the remainder when 83 is divided by ((-21)/14)/(2/(-236)*3)?
24
Suppose -9*x + 521 + 865 = 0. Calculate the remainder when x is divided by 52.
50
Suppose -2*x = -0*f + f - 7, 4*f - 3*x + 16 = 0. Calculate the remainder when 16/(-4) - (f + -55) is divided by 11.
8
Suppose -28247*y = -28233*y - 2212. Let h(k) = -39*k**3 + 2*k**2 + k. What is the remainder when y is divided by h(-1)?
38
Let o = -1120 + 1322. Calculate the remainder when o is divided by 91.
20
Suppose 3*x = -0*x + 18. Let n be (-1 - (1 + -17))*2. Suppose n = -3*q + 5*q. Calculate the remainder when q is divided by x.
3
Suppose -261 + 2036 = -5*z. What is the remainder when z/(-4) + (-30)/40 is divided by 30?
28
Calculate the remainder when 252 is divided by 3 - 66/30 - 2586/(-30).
78
Suppose n - 2 = -2*b + 3*n, 0 = -5*b + 3*n + 7. Suppose -3*f = -f + b. What is the remainder when 10 is divided by 0 - (f - (6 + -3))?
2
Let l(c) = 0*c**3 - 6*c - 1 + c**3 + 13*c**2 + 17. Let m be l(-13). Suppose 0 = 3*i - i - m. Calculate the remainder when i is divided by 12.
11
Suppose 3*c + 51 = 2*a, -24 = a - 2*a + 2*c. Let m(g) = 47*g**2 + 160*g + 2. Calculate the remainder when m(1) is divided by a.
29
Calculate the remainder when 1/(4 + 5020/(-1256)) is divided by 63.
62
Let d = 1051 + -1034. Calculate the remainder when d is divided by (6 - 0/2)/1.
5
Suppose -2*c + 433 = -6*v + 3*v, 5*v - 4*c + 725 = 0. Let a = v - -237. Calculate the remainder when a is divided by 20.
16
Suppose -12*y = -10*y - 102. Suppose 2*a + a = 4*t + y, 0 = 5*a - 5*t - 90. Suppose -3*z = -8*z + 305. Calculate the remainder when z is divided by a.
19
Let g = 116 + -37. Suppose -f - 39 = -95. Let o = f + -36. What is the remainder when g is divided by o?
19
Let p(g) be the second derivative of -11*g**3/6 - g**2 + 5*g. Let y be p(-1). What is the remainder when 31 is divided by y + -1 - 0/(-1)?
7
What is the remainder when 154 is divided by 2/(9/198*1)?
22
Suppose 3*h + 99 = 5*w, 3*w + h - 6*h = 69. Calculate the remainder when w is divided by 7.
4
Let y(d) = 18*d - 113. What is the remainder when y(12) is divided by 52?
51
Let y = -201 + 217. Calculate the remainder when 29 is divided by y.
13
Calculate the remainder when 21 is divided by 42/(-42)*1/(1/(-9)).
3
Suppose -1 = 2*f - 3. Suppose -5 = -5*h - 3*i + 8*i, -9 = -3*h + 5*i. What is the remainder when h/4 + (-45)/(-18) is divided by f?
0
Suppose -46*m - 5980 = -56*m. Calculate the remainder when m is divided by 100.
98
Suppose -8*c + 4*c = -60. Let l(g) = 3*g - 15. Calculate the remainder when c is divided by l(7).
3
Suppose 2*r - 69 = -r. What is the remainder when 87 is divided by r?
18
Let x be 9 + -4 + -341 + -4. Let g be 16 - (2 - 2)/1. Calculate the remainder when 2/(-8) - x/g is divided by 11.
10
Let k = 6 + -3. Let g = -3 + k. Suppose 3*x + 118 = 3*b + 40, 3*b + 2*x - 103 = g. Calculate the remainder when b is divided by 11.
9
Let h be (492/(-20))/(1/(-5)). Let w = h - 88. Suppose -2*o - v = -2*v - 35, 5*o + 3*v - 104 = 0. Calculate the remainder when w is divided by o.
16
Suppose -174 = -q - 2*q. Suppose 3*o - 5*o = -q. Let h(w) = -2*w**2 - 31*w + 96. What is the remainder when o is divided by h(-18)?
5
Suppose -6*s - 3 = -d - 2*s, 2*s + 9 = 3*d. Suppose 0 = -d*f + 7*f - 88. What is the remainder when 41 is divided by f?
19
Suppose -6*u = -3*u - 9. Let r(a) = -3*a - 8. Let j be r(-1). What is the remainder when j/(-30)*6 - (1 + -6) is divided by u?
0
Let d be 32/24 - 42/(-9). Suppose 3*t + 2*w = d*w + 40, -8 = -t - 4*w. Calculate the remainder when t is divided by 10.
2
Let u(i) = -i**3 - 7*i**2 + 8*i + 12. Let j be u(-8). Suppose j = -f + 29. What is the remainder when 50 is divided by f?
16
Let y = -28 - -56. Let m be (4 - y)*(-1)/2. Let s = m + -2. Calculate the remainder when s is divided by 6.
4
Suppose n + 2*n = -12. Let d(h) = h**2 - 2. Let k = -50 + 58. What is the remainder when d(n) is divided by k?
6
Let s = 16 - 13. What is the remainder when 11 is divided by s?
2
Let k = 33 + -157. Let c = -117 - k. Calculate the remainder when 1 + 5/((-5)/(-12)) is divided by c.
6
Suppose 5*y - 2*r + 37 = 6*y, -y - 5*r = -25. What is the remainder when 539 is divided by y?
44
Let g be ((-3)/(-9))/(2/24). Suppose b - 5*b = 4*u - 32, 0 = g*u - 2*b - 62. What is the remainder when 49 is divided by u?
10
What is the remainder when 48 is divided by 8*5*(-54)/(-72)?
18
Suppose 3*p - 62 = 10. Let z = 14 + p. Suppose -29 = -u + z. What is the remainder when u is divided by 23?
21
Suppose 29*w + 199 = 30*w. Calculate the remainder when w is divided by 62.
13
Let a be (-2)/(-3) + 39/9. Suppose 2*t = -a*m + 43, 4*m = 3 + 1. Calculate the remainder when 37 is divided by t.
18
Suppose 3*g = 2*g - 34. Let i = 44 - g. Suppose -22*p + 20*p + i = 0. What is the remainder when 155 is divided by p?
38
Let x = -1584 + 1605. What is the remainder when 1190 is divided by x?
14
Let d be (-36)/(-8)*10/3. Let u = d + 21. Calculate the remainder when 69 is divided by u.
33
Let n = 7 + -4. Let z = 6 - n. What is the remainder when 25 is divided by (-2 - -1)/(z/(-39))?
12
Let d = -10 - -12. Supp